f -33*a**2/2 - 23*a - 6. Let c(s) = s**2 - 16*s + 11. Let l be c(15). Is p(l) prime?
True
Let u(w) = 3*w**3 - 13*w**2 - 15*w + 27. Let i(a) = -2*a**3 + 7*a**2 + 8*a - 14. Let b(n) = -5*i(n) - 3*u(n). Suppose 34*k = -149 + 421. Is b(k) composite?
False
Is (270/20)/27 + 2/((-12)/(-3403623)) a prime number?
False
Suppose y - 2*i = 6*y - 21, 0 = 3*y + 5*i - 5. Suppose 4*q - 37 = -y. Suppose 4*d + 2*h + h = 1192, q = -2*h. Is d a prime number?
False
Let f = 646 - 711. Is 2/13 + (-78835)/f a composite number?
False
Let z be (-8)/(-6) - (-84)/18. Suppose v = -z*b + 3*b + 210, 0 = -2*v. Suppose 3*m + 6*k - 100 = k, -2*m = 4*k - b. Is m a composite number?
True
Suppose -2*f = 3*d + 2116, -d - 4*f - 703 = -f. Is (d/(-4)*11)/(4/8) composite?
True
Let i(t) = 114*t + 564698. Is i(0) a prime number?
False
Let k be 36/(-16)*(-48)/(-18). Let z(b) be the third derivative of -61*b**4/24 - 4*b**3/3 - 7*b**2. Is z(k) a composite number?
True
Let r(q) = q**2 - 5*q - 7. Let l be r(6). Is 1 - (1 - -13)/(l/157) composite?
True
Let h(t) = -143*t**3 + t**2 + 2*t + 1. Let p be h(-1). Suppose -5*a + p + 3202 = 0. Suppose -s = -0*s - a. Is s prime?
False
Let t(o) = -o**3 + 55*o**2 - 96*o + 33. Let l be t(41). Let a = l + -11278. Is a a prime number?
True
Let n(j) = 270*j**2 - 7*j - 9. Let y = 83 + -89. Is n(y) composite?
True
Let f(g) = 17519*g**2 + 223*g - 1309. Is f(6) a composite number?
False
Suppose -11*d + 42196 = 17*d. Suppose -d = -4*i + 3*l - 6*l, -373 = -i - 2*l. Is i prime?
True
Suppose 0 = -11*o + 9*o + 8. Suppose -2*m + 6630 = 4*g, 0*g + 6624 = o*g - 4*m. Is g a composite number?
False
Let j(f) = 98475*f - 1067. Is j(2) prime?
True
Let y be 4*(-263)/2*-2. Suppose 5*g + 2312 + 543 = 0. Let w = y + g. Is w composite?
True
Suppose 3*c = -4*j - 11 + 40, 0 = -5*j - 3*c + 34. Suppose -2*r + 3345 = 5*y, -2*r - 669 = j*y - 6*y. Is y prime?
False
Suppose -i - 5*h = -809, 2*i = 2*h + 692 + 878. Let j = i + -524. Is j a composite number?
True
Let q(f) = 58*f + 7. Let o be q(-6). Let l(c) = -85*c**3 - c**2 + c - 2. Let u be l(-2). Let d = o + u. Is d a prime number?
True
Let h(a) = -24*a**3 - 26*a**2 + 4*a + 7. Is h(-8) prime?
False
Is 193383/(-12)*((-171)/27 + -3) a prime number?
False
Let y be 0 - (-6626)/(-4) - (-31)/(-62). Is 2 - (2 + 0) - y prime?
True
Suppose 516421 - 89564 + 315316 = f. Is f a composite number?
True
Is (396/(-24) - -16)*(-3)/((-9)/(-1700214)) prime?
True
Suppose -2 = x, 3*x = -3*v + 2*x - 14306. Let z = 14511 + v. Is z a prime number?
True
Let l = -25697 + 80354. Suppose 2*q + l = 3*j, 0 = 5*q - 3*q - 4*j + 54652. Is q/(-15) + 12/20 a composite number?
False
Let x = -4863 - -6566. Is x composite?
True
Suppose 2*p - 3*p - 94 = s, -5*s - 2*p = 479. Let h = 228 + s. Is h composite?
False
Suppose 4*l + 1448 = -2*d + 42842, 82813 = 4*d + 3*l. Is d a composite number?
False
Is (-36)/6 - (-1 - 145)/(42/150297) prime?
False
Let r = 52 - 28. Suppose -5*j - r = 4*c, 0 = -5*j + j - 5*c - 21. Let o(q) = 54*q**2 - 8*q - 9. Is o(j) composite?
False
Let h = 371135 - 84208. Is h composite?
False
Let n(u) = u**3 + 4*u**2 + 6*u + 2. Let f = 168 + -155. Is n(f) a composite number?
False
Let z = 3779 + 29282. Is z prime?
False
Let y(d) = 1985*d**2 + 2*d + 8. Let q be y(-4). Suppose 7*l - 2*a = 2*l + 79389, q = 2*l - 3*a. Is l composite?
False
Suppose 13*w - 5*w = -40. Let f(b) = -50*b**3 + 6*b**2 + b - 10. Is f(w) a composite number?
True
Let t = -50 + 52. Suppose -g + 10 = -4*s - 15, -5*g - t*s + 15 = 0. Suppose g*d + 5*b - 2115 = b, 3*d + b - 1262 = 0. Is d a composite number?
False
Let p = -37857 - -106234. Is p a composite number?
True
Let n(x) = 757*x**2 - 67*x + 5. Is n(7) composite?
False
Let u(f) = f + 1. Let p(w) = -3*w - 2. Let g(j) = -2*p(j) - 5*u(j). Let v(o) = -76*o - 14. Let z(t) = 5*g(t) + v(t). Is z(-18) prime?
True
Let b(s) = s**2 - 18*s - 48. Let a be b(20). Let y be (-3 - -1)/(4/a). Is (-22)/(-2) + (-3)/(-6)*y a composite number?
False
Suppose 0 = 47*r - 145088 - 33186983. Is r a composite number?
True
Suppose -21*x + 17*x = -24. Let m be (-8)/x - (-792)/27. Suppose -32*r + 2164 = -m*r. Is r a composite number?
False
Let p(f) = 249*f + 43. Let v(d) = d**2 - 14*d - 13. Let n be v(15). Is p(n) a composite number?
False
Is -7 - 52/(-7) - (4 - 24856950/35) composite?
True
Suppose 1869*a = -5*o + 1865*a + 2546027, -3 = -a. Is o composite?
False
Suppose -2*z = -77*z - 81300. Let c be (-3 - -1) + (1 - 3586). Let m = z - c. Is m composite?
False
Let p(z) be the first derivative of -7*z**2/2 - 35*z - 4. Let s be p(-5). Suppose -3*v + 150 + 177 = s. Is v a prime number?
True
Suppose -74*y + 18 = -77*y, 486232 = 2*q - 5*y. Is q a prime number?
True
Let i(l) = 314*l**2 + 214*l - 3473. Is i(15) composite?
True
Is 6170882/976*4/(3 + 5/(-2)) a prime number?
True
Let q(w) = -4*w**2 + 18*w + 1. Let j(z) = -7*z**2 + 35*z + 3. Suppose u - 4 = 0, -2*k = -3*k - 2*u + 11. Let t(i) = k*j(i) - 7*q(i). Is t(-9) prime?
False
Suppose -5*t + 1 = -4*t. Let r(p) = 2*p + 4. Let u be r(t). Suppose y = -u*y + 11599. Is y composite?
False
Suppose 4*u - 4*d + 55 = 283, 0 = 5*d + 10. Let l = 12 + u. Is l a prime number?
True
Let t = -3763 - -1675. Let y = -577 - t. Is y prime?
True
Let m = 83 + -78. Suppose 3*k = -2*k - 25, -3*k - m = -5*r. Is 290 + (3/r)/(9/(-18)) a prime number?
True
Suppose -117667 = -128*z + 138717. Is z a composite number?
False
Suppose -6*y + y + 25 = 0. Suppose 0 = -5*v - 4*h + y*h + 13, -v + 17 = -5*h. Suppose -5*u - v*u + 14 = 0. Is u prime?
True
Let j(t) = -t**2 + 6*t. Let q be j(3). Suppose q*u - 8*u = 4. Suppose 2228 = u*p - 0*p. Is p a composite number?
False
Let j = 0 + 2. Suppose -x = -3*r - 420, 0 = -7*r + j*r - 4*x - 700. Let w = 351 + r. Is w composite?
False
Let c(g) = -2*g**2 + 14*g + 8. Let o be c(7). Suppose o*k - 9022 = 70986. Is k a prime number?
False
Let p(k) = 8*k**3 - 3*k**2 + 12*k + 10. Let v be p(-6). Let d be v/(-14) + (-44)/77. Suppose 246 = 3*z - d. Is z prime?
True
Suppose -88 - 107 = -15*s. Suppose s*j - 19*j = -12732. Is j composite?
True
Let z = -12785 - -19403. Suppose -8177 = -5*v + z. Is v prime?
False
Let r = 150 + -59. Suppose -32*p = 8*p - 3638 - 5362. Suppose -p - r = -d - k, 2*k = 4*d - 1234. Is d prime?
True
Is (-39 - -57) + 5*24239 a composite number?
True
Let j(l) = 5*l**3 + l**2 - 14*l + 6. Let y be 1 + 4*4/(-8)*-53. Let s = 112 - y. Is j(s) a prime number?
False
Let c be (-32)/(-6)*2/12*2979. Suppose -j = -9*j + c. Is j composite?
False
Let o(u) = -u**2 - 11*u + 23. Let b be o(-12). Suppose 3*k - b = -2*z, -5*z + 3*k = -0*z + 4. Let n(w) = 638*w - 3. Is n(z) prime?
False
Let n = 339104 + 152013. Is n prime?
False
Suppose -5*n + 12 = -18. Let o = 5 - 0. Suppose -o*q + n*q = 263. Is q a composite number?
False
Let i(y) = -2721573*y + 262. Is i(-1) a prime number?
False
Let j(s) = 180*s - 11 + 3 - 178*s. Let g(h) = 3*h**2 + 3*h - 1. Let c be g(2). Is j(c) prime?
False
Let b(a) = -225*a**3 + 10*a + 4. Let c be b(-4). Suppose -4*f = -2*x - c, 0 = f + f - 4*x - 7170. Is f prime?
True
Is 651247 + 16*(-10)/20 prime?
True
Let z(u) = u**3 + 57*u**2 + 51*u - 267. Let a be z(-56). Let j(g) = 30*g + 10*g + 31 - 12*g. Is j(a) a composite number?
True
Is (-4)/2*(1085357/(-14) - -12) a composite number?
False
Let z = -1481 + 22492. Is z prime?
True
Let c be (-14)/56 - 6907/4. Let h = 3279 - c. Is h prime?
False
Let l(p) = 14*p**2 - 6*p + 7. Let b be (12 - 8)/(4/3). Let d be l(b). Let t = 306 - d. Is t prime?
True
Let t(k) = -3*k - 13. Let y be t(-7). Suppose -y*v - 3519 = -17*v. Is v composite?
True
Suppose -3*q + 26 = -4*q. Let h be -15 + 17 + q/(-2). Suppose -4*b + 5*b - h = 0. Is b composite?
True
Let d = -1685 + 3246. Suppose 2*s + a = -s + 26, -2*a = -s + 4. Suppose s*m - d = m. Is m a composite number?
False
Let m(n) = -61*n + 8. Let k(u) = -u**3 - 7*u**2 + 11*u + 15. Let a(q) = q**2 + 7*q + 2. Let s be a(-5). Let y be k(s). Is m(y) prime?
True
Let q be (-11)/(-33) - (6248/(-6))/2. Let o = q + -969. Let s = 339 - o. Is s composite?
False
Is -4 + 4287 + (-153 - -137) a composite number?
True
Let q(d) = 954*d + 13. Let s be q(2). Let c = s - 1368. Is c a prime number?
False
Let z(m) = -m**3 - 16*m**2 - 28*m + 19. Let g be z(-14). Suppose -12*a + g*a - 29729 = 0. Is a composite?
True
Let j = 6332 + -3081. Is j a composite num